{"id":638,"date":"2022-05-02T14:05:01","date_gmt":"2022-05-02T14:05:01","guid":{"rendered":"https:\/\/unionmasonicamundial.org\/umm\/?page_id=638"},"modified":"2022-05-10T17:49:38","modified_gmt":"2022-05-10T17:49:38","slug":"directorio-2022-2024","status":"publish","type":"page","link":"https:\/\/unionmasonicamundial.org\/umm\/directorio-2022-2024\/","title":{"rendered":"Directorio 2022-2024"},"content":{"rendered":"\n<h2 class=\"wp-block-heading\">Organizaci\u00f3n<\/h2>\n\n\n\n<p><strong>Presidente<\/strong><\/p>\n\n\n\n<figure class=\"wp-block-image size-large is-resized\"><img loading=\"lazy\" decoding=\"async\" src=\"https:\/\/unionmasonicamundial.org\/umm\/wp-content\/uploads\/2022\/05\/WhatsApp-Image-2022-05-02-at-10.49.25-AM-576x1024.jpeg\" alt=\"\" class=\"wp-image-636\" width=\"453\" height=\"806\" srcset=\"https:\/\/unionmasonicamundial.org\/umm\/wp-content\/uploads\/2022\/05\/WhatsApp-Image-2022-05-02-at-10.49.25-AM-576x1024.jpeg 576w, https:\/\/unionmasonicamundial.org\/umm\/wp-content\/uploads\/2022\/05\/WhatsApp-Image-2022-05-02-at-10.49.25-AM-169x300.jpeg 169w, https:\/\/unionmasonicamundial.org\/umm\/wp-content\/uploads\/2022\/05\/WhatsApp-Image-2022-05-02-at-10.49.25-AM-768x1365.jpeg 768w, https:\/\/unionmasonicamundial.org\/umm\/wp-content\/uploads\/2022\/05\/WhatsApp-Image-2022-05-02-at-10.49.25-AM-864x1536.jpeg 864w, https:\/\/unionmasonicamundial.org\/umm\/wp-content\/uploads\/2022\/05\/WhatsApp-Image-2022-05-02-at-10.49.25-AM.jpeg 900w\" sizes=\"auto, (max-width: 453px) 100vw, 453px\" \/><figcaption><a rel=\"noreferrer noopener\" href=\"https:\/\/unionmasonicamundial.org\/umm\/blog\/2021\/06\/01\/nuevo-director-ejecutivo\/\" target=\"_blank\">Ricardo Romero 3\u00ba 9\u00ba 33\u00b0<\/a><\/figcaption><\/figure>\n\n\n\n<h2 class=\"wp-block-heading\">Consejo Ejecutivo<\/h2>\n\n\n\n<p><strong>Director Ejecutivo: <\/strong>Ricardo Romero 33\u00b0 (Argentina)<\/p>\n\n\n\n<ul class=\"wp-block-list\"><li><strong>Director Ejecutivo Adjunto: <\/strong>V\u00edctor Ramos 33\u00b0 (Paraguay)<\/li><li><strong>Secretaria: <\/strong>Ver\u00f3nica Baston 33\u00b0 (Argentina)<\/li><li><strong>Tesorero: <\/strong>Eduardo Medina 33\u00b0 (Argentina)<\/li><li><strong>Asesor Legislativo: <\/strong>Rodrigo Gonz\u00e1lez 33\u00b0 (Paraguay)<\/li><li><strong>Depto. Jur\u00eddico:<\/strong> Rafael P\u00e9rez 33\u00b0 (Venezuela)<\/li><li><strong>Depto. de Formaci\u00f3n Filos\u00f3fica: <\/strong>Manuel Tuero 33\u00b0 (Espa\u00f1a)<\/li><li><strong>Depto. de Comunicaci\u00f3n: <\/strong>Bruno Pelaez 33\u00b0 (Uruguay)<\/li><li><strong>Coordinador de Proyectos: <\/strong>Pedro Mareco Bruno 33\u00b0 (Paraguay)<ul><li><strong>Coordinador de Proyectos Adjunto: <\/strong>Jorge Cabezas 33\u00b0 (Argentina)<\/li><\/ul><\/li><\/ul>\n\n\n\n<p><strong>Gran Canciller: <\/strong>Richard Marty 33\u00b0 (Francia)<\/p>\n\n\n\n<p><strong>Cancilleres<\/strong><\/p>\n\n\n\n<ul class=\"wp-block-list\"><li>Pasquale Antonio Di Todaro 33\u00b0 (Italia -Europa)<\/li><li>Filippo Gammicchia 33\u00b0 (Rumania-Europa)<\/li><\/ul>\n\n\n\n<ul class=\"wp-block-list\"><li>Marivaldo Da Cruz Sales 33\u00b0 (Brasil-Am\u00e9rica del Sur)<\/li><li>Michel Pierre 33\u00b0 (Hait\u00ed &#8211; Am\u00e9rica Central)<\/li><li>Hu\u00e9mac Gonz\u00e1lez Cant\u00fa 33\u00b0 (M\u00e9xico &#8211; Am\u00e9rica del Norte)<\/li><li>Mhammad Kobrosly 33\u00b0 (Oriente Medio)<\/li><\/ul>\n\n\n\n<h2 class=\"wp-block-heading\">Consejo Directivo \u2013 Representantes por Pa\u00edses<\/h2>\n\n\n\n<figure class=\"wp-block-table is-style-stripes\"><table><tbody><tr><td>Pa\u00eds<\/td><td><strong>Nombre<\/strong><\/td><td><strong>Apellido<\/strong><\/td><\/tr><tr><td>Albania<\/td><td>Frecchio<\/td><td>Giuseppe<\/td><\/tr><tr><td>Argentina<\/td><td>Luz<\/td><td>Bertoia<\/td><\/tr><tr><td>Belgica<\/td><td>Pierre<\/td><td>Dutrom<\/td><\/tr><tr><td>Brasil<\/td><td>Ricardo<\/td><td>Saliba Urbano<\/td><\/tr><tr><td>Congo<\/td><td>Simon Pierre<\/td><td>Pembet Sytha<\/td><\/tr><tr><td>Cuba<\/td><td>Lazaro Orlando<\/td><td>Herrera Gonzalez<\/td><\/tr><tr><td>Chile<\/td><td>Eduardo <\/td><td>Pujol<\/td><\/tr><tr><td>Ecuador<\/td><td>Fernando<\/td><td>Gonz\u00e1lez<\/td><\/tr><tr><td>EEUU<\/td><td>Gregory<\/td><td>Wright<\/td><\/tr><tr><td>Espa\u00f1a<\/td><td>Manuel Antonio<\/td><td>Tuero<\/td><\/tr><tr><td>Francia<\/td><td>Jean Marc<\/td><td>Aractingui<\/td><\/tr><tr><td>Grecia<\/td><td>Nikolaos<\/td><td>Katomeris<\/td><\/tr><tr><td>Haiti<\/td><td>Michel<\/td><td>Pierre<\/td><\/tr><tr><td>Italia<\/td><td>Mario<\/td><td>La Spina<\/td><\/tr><tr><td>Libano<\/td><td>Kouzi<\/td><td>Toni<\/td><\/tr><tr><td>Macedonia<\/td><td>Snezana<\/td><td>Zecevic<\/td><\/tr><tr><td>Madagastcar<\/td><td>Marie Monique<\/td><td>Maillot<\/td><\/tr><tr><td>Marruecos<\/td><td>Jamal<\/td><td>Tlaty<\/td><\/tr><tr><td>M\u00e9xico<\/td><td>Jos\u00e9 Ernesto<\/td><td>Valencia Raya<\/td><\/tr><tr><td>Paraguay<\/td><td>Tom\u00e1s<\/td><td>Ocampos<\/td><\/tr><tr><td>Per\u00fa<\/td><td>Javier<\/td><td>Ag\u00fcero Vega<\/td><\/tr><tr><td>Rumania<\/td><td>Dragos<\/td><td>Pungulescu<\/td><\/tr><tr><td>Uruguay<\/td><td>Mar\u00eda Mercedes<\/td><td>Ramos Insua<\/td><\/tr><tr><td>Venezuela<\/td><td>Rafa\u00e9l<\/td><td>P\u00e9rez D\u00edaz<\/td><\/tr><tr><td>Panam\u00e1<\/td><td>Alfredo<\/td><td>Jim\u00e9nez<\/td><\/tr><\/tbody><\/table><\/figure>\n","protected":false},"excerpt":{"rendered":"<p>Organizaci\u00f3n Presidente Consejo Ejecutivo Director Ejecutivo: Ricardo Romero 33\u00b0 (Argentina) Director Ejecutivo Adjunto: V\u00edctor Ramos 33\u00b0 (Paraguay) Secretaria: Ver\u00f3nica Baston 33\u00b0 (Argentina) Tesorero: Eduardo Medina 33\u00b0 (Argentina) Asesor Legislativo: Rodrigo Gonz\u00e1lez 33\u00b0 (Paraguay) Depto. Jur\u00eddico: Rafael P\u00e9rez 33\u00b0 (Venezuela) Depto. de Formaci\u00f3n Filos\u00f3fica: Manuel Tuero 33\u00b0 (Espa\u00f1a) Depto. de Comunicaci\u00f3n: Bruno Pelaez 33\u00b0 (Uruguay) Coordinador [&hellip;]<\/p>\n","protected":false},"author":1,"featured_media":0,"parent":0,"menu_order":0,"comment_status":"closed","ping_status":"closed","template":"","meta":{"footnotes":""},"class_list":["post-638","page","type-page","status-publish","hentry"],"_links":{"self":[{"href":"https:\/\/unionmasonicamundial.org\/umm\/wp-json\/wp\/v2\/pages\/638","targetHints":{"allow":["GET"]}}],"collection":[{"href":"https:\/\/unionmasonicamundial.org\/umm\/wp-json\/wp\/v2\/pages"}],"about":[{"href":"https:\/\/unionmasonicamundial.org\/umm\/wp-json\/wp\/v2\/types\/page"}],"author":[{"embeddable":true,"href":"https:\/\/unionmasonicamundial.org\/umm\/wp-json\/wp\/v2\/users\/1"}],"replies":[{"embeddable":true,"href":"https:\/\/unionmasonicamundial.org\/umm\/wp-json\/wp\/v2\/comments?post=638"}],"version-history":[{"count":3,"href":"https:\/\/unionmasonicamundial.org\/umm\/wp-json\/wp\/v2\/pages\/638\/revisions"}],"predecessor-version":[{"id":649,"href":"https:\/\/unionmasonicamundial.org\/umm\/wp-json\/wp\/v2\/pages\/638\/revisions\/649"}],"wp:attachment":[{"href":"https:\/\/unionmasonicamundial.org\/umm\/wp-json\/wp\/v2\/media?parent=638"}],"curies":[{"name":"wp","href":"https:\/\/api.w.org\/{rel}","templated":true}]}}