{"id":14,"date":"2020-05-05T05:02:07","date_gmt":"2020-05-05T05:02:07","guid":{"rendered":"https:\/\/unionmasonicamundial.org\/umm\/?page_id=14"},"modified":"2021-09-05T23:27:05","modified_gmt":"2021-09-05T23:27:05","slug":"ummssggiigg","status":"publish","type":"page","link":"https:\/\/unionmasonicamundial.org\/umm\/","title":{"rendered":"Inicio"},"content":{"rendered":"\n<figure class=\"wp-block-video aligncenter\"><video height=\"352\" style=\"aspect-ratio: 640 \/ 352;\" width=\"640\" controls src=\"https:\/\/unionmasonicamundial.org\/umm\/wp-content\/uploads\/2021\/07\/UMM-1.mp4\"><\/video><figcaption><strong>Uni\u00f3n Mas\u00f3nica Mundial de SS:. GG:. II:. G:. del R:. E:. A:. A:.<\/strong><\/figcaption><\/figure>\n\n\n\n<p>Desde su lanzamiento en abril de 2020, se han sumado m\u00e1s de 150 SS:. GG:. II:. GG:. de m\u00e1s de 25 pa\u00edses, que establecieron un marco organizativo con un Directorio Ejecutivo y otro Representativo, as\u00ed como Departamentos que promueven las acciones decididas por Plenarios Generales.<\/p>\n\n\n\n<p>Siguiendo los lineamientos de su Declaraci\u00f3n de Principios fijadas en su Estatuto, la Uni\u00f3n Mas\u00f3nica Mundial de SS:. GG:. II:. GG:. ha desarrollado actividades tendientes a proveer de herramientas para la formaci\u00f3n filos\u00f3fica del R:. E:. A:. A:. Y otros ritos y tradiciones mas\u00f3nicas. En su b\u00fasqueda de luz, realiza seminarios, talleres y encuentros elaborados por y para sus miembros, as\u00ed como el acervo de publicaciones que complementan esa labor.&nbsp;<\/p>\n\n\n\n<p>Las acciones se desarrollan respetando y cumpliendo la tradici\u00f3n mas\u00f3nica y las Constituciones llamadas de Federico de 1762 y 1786, de su inicio y la Declaraci\u00f3n de Ginebra de 2005. Reafirmamos la vigencia del postulado contenido en el art\u00edculo II de la Constituci\u00f3n llamada de Federico de 1786, que sostiene que el Soberano Gran Inspector General Grado 33 \u201ctiene como misi\u00f3n y peculiar deber el instruir e ilustrar a QQ:. HH:. ; conservar entre ellos la Caridad, la Uni\u00f3n y el Amor Fraternal. Y dedicarse, por \u00faltimo, y en todas partes, a ejercitar la paz y la misericordia\u201d.<\/p>\n\n\n\n<p>En nuestra concepci\u00f3n, ratificamos que el ser humano es la centralidad, tanto en sus derechos como en sus responsabilidades, y el medio ambiente social y natural en el cual desarrolla sus actividades vitales. Constituye la base de los trabajos, especulaciones y acciones del R:. E:. A:. A:. y de la Masoner\u00eda Universal.<\/p>\n\n\n\n<p>En tal sentido, confirmamos la convicci\u00f3n indeclinable del R:. E:. A:. y A:. la b\u00fasqueda incesante de la Verdad y de la Justicia a la luz del Conocimiento. El respeto por los Derechos Humanos y de los principios de Libertad, Igualdad y Fraternidad. Los derechos de las minor\u00edas marginadas, la libre expresi\u00f3n de las culturas ancestrales, el fomento de la libertad de conciencia y de la laicidad, la incorporaci\u00f3n de la mujer a los altos grados filos\u00f3ficos y el rol de la educaci\u00f3n integral y solidaria como manera m\u00e1s id\u00f3nea para la formaci\u00f3n de ciudadanos libres, responsables y comprometidos con su sociedad.<\/p>\n\n\n\n<p>Nos proponemos enf\u00e1ticamente a promover la mayor colaboraci\u00f3n entre las y los masones, enfocado hacia el fortalecimiento de la unidad de la Orden mas\u00f3nica, fomentando la integraci\u00f3n progresiva de los pueblos y pa\u00edses de los continentes. Abrazando a la humanidad entera en coherencia con nuestros ideales universalistas.<\/p>\n\n\n\n<p>As\u00ed, ratificamos el car\u00e1cter de progreso de la Masoner\u00eda, que tiene asimismo por objeto \u201cla Uni\u00f3n, la Felicidad y el Bienestar de la Familia Humana en general y de cada persona en particular. Y que debe, pues, trabajar con confianza y energ\u00eda y hacer incesantes esfuerzos por conseguir objetos, \u00fanicos que reconocen dignos de ella\u201d.<\/p>\n\n\n\n<p>Concluimos reafirmando tambi\u00e9n que la <strong>Uni\u00f3n Mas\u00f3nica Mundial de SS:. GG:. II:. G:. del R:. E:. A:. A:. <\/strong>no es un organismo donde se legitiman organizaciones ilegales ni acreditan funcionamientos espurios. Al contrario, es un espacio abierto de expresi\u00f3n de organizaciones y tendencias fraternas que han sido marginadas hist\u00f3ricamente en otros contextos.<\/p>\n\n\n\n<p>Con ese horizonte, el Templo se encuentra abierto a todo I:. y P:. H:. que quiera sumarse a fortalecer una cadena universal que una lo disperso y siga los preceptos del R:. E:. A:. A:. y si v\u00ednculo con las m\u00e1s amplias tradiciones mas\u00f3nicas.<\/p>\n\n\n\n<p class=\"has-text-align-center\">S:. F:. U:. &nbsp; &nbsp; &nbsp; &nbsp; D:. M:. J:.<\/p>\n\n\n\n<iframe loading=\"lazy\" src=\"https:\/\/www.facebook.com\/plugins\/post.php?href=https%3A%2F%2Fwww.facebook.com%2F104391627898608%2Fphotos%2Fa.104421684562269%2F165956401742130%2F&amp;show_text=true&amp;width=552&amp;height=300&amp;appId\" width=\"552\" height=\"310\" style=\"border:none;overflow:hidden\" scrolling=\"no\" frameborder=\"0\" allowtransparency=\"true\" allow=\"encrypted-media\"><\/iframe>\n\n\n\n<p><\/p>\n","protected":false},"excerpt":{"rendered":"<p>Desde su lanzamiento en abril de 2020, se han sumado m\u00e1s de 150 SS:. GG:. II:. GG:. de m\u00e1s de 25 pa\u00edses, que establecieron un marco organizativo con un Directorio Ejecutivo y otro Representativo, as\u00ed como Departamentos que promueven las acciones decididas por Plenarios Generales. Siguiendo los lineamientos de su Declaraci\u00f3n de Principios fijadas en [&hellip;]<\/p>\n","protected":false},"author":1,"featured_media":328,"parent":0,"menu_order":0,"comment_status":"closed","ping_status":"closed","template":"","meta":{"footnotes":""},"class_list":["post-14","page","type-page","status-publish","has-post-thumbnail","hentry"],"_links":{"self":[{"href":"https:\/\/unionmasonicamundial.org\/umm\/wp-json\/wp\/v2\/pages\/14","targetHints":{"allow":["GET"]}}],"collection":[{"href":"https:\/\/unionmasonicamundial.org\/umm\/wp-json\/wp\/v2\/pages"}],"about":[{"href":"https:\/\/unionmasonicamundial.org\/umm\/wp-json\/wp\/v2\/types\/page"}],"author":[{"embeddable":true,"href":"https:\/\/unionmasonicamundial.org\/umm\/wp-json\/wp\/v2\/users\/1"}],"replies":[{"embeddable":true,"href":"https:\/\/unionmasonicamundial.org\/umm\/wp-json\/wp\/v2\/comments?post=14"}],"version-history":[{"count":27,"href":"https:\/\/unionmasonicamundial.org\/umm\/wp-json\/wp\/v2\/pages\/14\/revisions"}],"predecessor-version":[{"id":388,"href":"https:\/\/unionmasonicamundial.org\/umm\/wp-json\/wp\/v2\/pages\/14\/revisions\/388"}],"wp:featuredmedia":[{"embeddable":true,"href":"https:\/\/unionmasonicamundial.org\/umm\/wp-json\/wp\/v2\/media\/328"}],"wp:attachment":[{"href":"https:\/\/unionmasonicamundial.org\/umm\/wp-json\/wp\/v2\/media?parent=14"}],"curies":[{"name":"wp","href":"https:\/\/api.w.org\/{rel}","templated":true}]}}